{"id":6,"date":"2021-05-12T16:16:23","date_gmt":"2021-05-12T14:16:23","guid":{"rendered":"http:\/\/bk-borjesson.nu.k78.itc.se\/?page_id=6"},"modified":"2021-06-01T09:11:43","modified_gmt":"2021-06-01T07:11:43","slug":"start","status":"publish","type":"page","link":"https:\/\/bk-borjesson.nu\/","title":{"rendered":"START"},"content":{"rendered":"\n\t<section class=\"section\" id=\"section_1630823680\">\n\t\t<div class=\"bg section-bg fill bg-fill  \" >\n\n\t\t\t\n\t\t\t<div class=\"section-bg-overlay absolute fill\"><\/div>\n\t\t\t\n\n\t\t<\/div>\n\n\t\t<div class=\"section-content relative\">\n\t\t\t\n\n<div class=\"row align-equal\"  id=\"row-1542193987\">\n\n\n\t<div id=\"col-372743934\" class=\"col medium-6 small-12 large-6\"  >\n\t\t<div class=\"col-inner text-center\"  >\n\t\t\t\n\t\t\t\n\n\t<div class=\"img has-hover x md-x lg-x y md-y lg-y\" id=\"image_477547347\">\n\t\t\t\t\t\t\t\t<div class=\"img-inner dark\" >\n\t\t\t<img width=\"150\" height=\"221\" src=\"https:\/\/bk-borjesson.nu\/wp-content\/uploads\/2021\/05\/huset_v2.jpg\" class=\"attachment-original size-original\" alt=\"\" loading=\"lazy\" \/>\t\t\t\t\t\t\n\t\t\t\t\t<\/div>\n\t\t\t\t\t\t\t\t\n<style>\n#image_477547347 {\n  width: 43%;\n}\n<\/style>\n\t<\/div>\n\t\n\n\n\t\t<\/div>\n\t\t\t<\/div>\n\n\t\n\n\t<div id=\"col-81847359\" class=\"col medium-6 small-12 large-6\"  >\n\t\t<div class=\"col-inner\"  >\n\t\t\t\n\t\t\t\n\n<h5 class=\"uppercase\">V\u00c4LKOMMEN TILL BYGGKONSULT PER B\u00d6RJESSON<\/h5>\n<div id=\"content\">\n<p>P\u00e5 den h\u00e4r webbplatsen f\u00e5r du information om vilka tj\u00e4nster Byggkonsult Per B\u00f6rjesson kan erbjuda dig som privatperson, fastighets\u00e4gare eller f\u00f6retagare.<\/p>\n<\/div>\n\n\t\t<\/div>\n\t\t\t<\/div>\n\n\t\n\n<\/div>\n\n\t\t<\/div>\n\n\t\t\n<style>\n#section_1630823680 {\n  padding-top: 30px;\n  padding-bottom: 30px;\n}\n#section_1630823680 .section-bg-overlay {\n  background-color: rgba(255, 255, 255, 0.8);\n}\n#section_1630823680 .section-bg.bg-loaded {\n  background-image: url(https:\/\/bk-borjesson.nu\/wp-content\/uploads\/2021\/05\/wallp2.jpg);\n}\n<\/style>\n\t<\/section>\n\t\n\n","protected":false},"excerpt":{"rendered":"","protected":false},"author":1,"featured_media":0,"parent":0,"menu_order":0,"comment_status":"closed","ping_status":"closed","template":"page-blank.php","meta":[],"_links":{"self":[{"href":"https:\/\/bk-borjesson.nu\/index.php?rest_route=\/wp\/v2\/pages\/6"}],"collection":[{"href":"https:\/\/bk-borjesson.nu\/index.php?rest_route=\/wp\/v2\/pages"}],"about":[{"href":"https:\/\/bk-borjesson.nu\/index.php?rest_route=\/wp\/v2\/types\/page"}],"author":[{"embeddable":true,"href":"https:\/\/bk-borjesson.nu\/index.php?rest_route=\/wp\/v2\/users\/1"}],"replies":[{"embeddable":true,"href":"https:\/\/bk-borjesson.nu\/index.php?rest_route=%2Fwp%2Fv2%2Fcomments&post=6"}],"version-history":[{"count":7,"href":"https:\/\/bk-borjesson.nu\/index.php?rest_route=\/wp\/v2\/pages\/6\/revisions"}],"predecessor-version":[{"id":63,"href":"https:\/\/bk-borjesson.nu\/index.php?rest_route=\/wp\/v2\/pages\/6\/revisions\/63"}],"wp:attachment":[{"href":"https:\/\/bk-borjesson.nu\/index.php?rest_route=%2Fwp%2Fv2%2Fmedia&parent=6"}],"curies":[{"name":"wp","href":"https:\/\/api.w.org\/{rel}","templated":true}]}}